when 18049 is divided by 2255.
9
Calculate the remainder when 7222 is divided by 7023.
199
What is the remainder when 12791 is divided by 166?
9
Calculate the remainder when 55530 is divided by 16.
10
What is the remainder when 344158 is divided by 434?
430
What is the remainder when 2857268 is divided by 65?
63
Calculate the remainder when 353024 is divided by 135.
134
Calculate the remainder when 1069 is divided by 24.
13
Calculate the remainder when 630020 is divided by 1455.
5
What is the remainder when 14985 is divided by 104?
9
What is the remainder when 101236 is divided by 4049?
11
What is the remainder when 39844 is divided by 511?
497
What is the remainder when 2993 is divided by 70?
53
What is the remainder when 29314 is divided by 524?
494
What is the remainder when 14338 is divided by 2236?
922
What is the remainder when 251 is divided by 58?
19
Calculate the remainder when 416 is divided by 232.
184
What is the remainder when 1509 is divided by 275?
134
What is the remainder when 92064 is divided by 63?
21
Calculate the remainder when 508 is divided by 329.
179
What is the remainder when 4495 is divided by 3?
1
What is the remainder when 480445 is divided by 3906?
7
What is the remainder when 21848 is divided by 33?
2
Calculate the remainder when 3065 is divided by 450.
365
What is the remainder when 39594 is divided by 528?
522
What is the remainder when 910 is divided by 26?
0
What is the remainder when 20616 is divided by 9?
6
What is the remainder when 439372 is divided by 26?
24
Calculate the remainder when 2463 is divided by 723.
294
Calculate the remainder when 17824 is divided by 63.
58
What is the remainder when 81811 is divided by 78?
67
Calculate the remainder when 92015 is divided by 157.
13
Calculate the remainder when 2790 is divided by 17.
2
Calculate the remainder when 25414 is divided by 25404.
10
What is the remainder when 9418 is divided by 4453?
512
Calculate the remainder when 6553 is divided by 35.
8
What is the remainder when 7233 is divided by 1160?
273
What is the remainder when 5053946 is divided by 495?
491
What is the remainder when 219870 is divided by 349?
0
What is the remainder when 1435698 is divided by 17?
14
What is the remainder when 8104 is divided by 2109?
1777
Calculate the remainder when 10653 is divided by 148.
145
Calculate the remainder when 247937 is divided by 821.
816
Calculate the remainder when 160902 is divided by 86.
82
What is the remainder when 1583 is divided by 524?
11
What is the remainder when 154420 is divided by 355?
350
Calculate the remainder when 8844 is divided by 369.
357
Calculate the remainder when 1624820 is divided by 24.
20
What is the remainder when 21038 is divided by 162?
140
Calculate the remainder when 1150231 is divided by 134.
109
Calculate the remainder when 33143 is divided by 2256.
1559
What is the remainder when 5805 is divided by 720?
45
Calculate the remainder when 24518 is divided by 4901.
13
Calculate the remainder when 967 is divided by 124.
99
What is the remainder when 36669 is divided by 9160?
29
Calculate the remainder when 6670 is divided by 1324.
50
What is the remainder when 593384 is divided by 31230?
14
Calculate the remainder when 545951 is divided by 2.
1
Calculate the remainder when 29397 is divided by 24.
21
Calculate the remainder when 207712 is divided by 37.
31
What is the remainder when 866 is divided by 641?
225
Calculate the remainder when 2175657 is divided by 135.
132
What is the remainder when 10559 is divided by 59?
57
What is the remainder when 19808 is divided by 19401?
407
Calculate the remainder when 95 is divided by 79.
16
Calculate the remainder when 520 is divided by 175.
170
What is the remainder when 22453 is divided by 4488?
13
Calculate the remainder when 257433 is divided by 77.
22
What is the remainder when 130352 is divided by 16293?
8
What is the remainder when 1314411 is divided by 44?
43
What is the remainder when 32500 is divided by 856?
828
Calculate the remainder when 1894 is divided by 40.
14
Calculate the remainder when 99303 is divided by 49650.
3
What is the remainder when 5355 is divided by 760?
35
Calculate the remainder when 53096 is divided by 26541.
14
Calculate the remainder when 2508 is divided by 628.
624
What is the remainder when 155876 is divided by 523?
22
Calculate the remainder when 74306 is divided by 289.
33
What is the remainder when 6274 is divided by 6268?
6
Calculate the remainder when 173443 is divided by 438.
433
What is the remainder when 2511 is divided by 2489?
22
What is the remainder when 3928 is divided by 54?
40
What is the remainder when 3459 is divided by 95?
39
What is the remainder when 1174 is divided by 38?
34
What is the remainder when 2518 is divided by 30?
28
Calculate the remainder when 15004 is divided by 75.
4
What is the remainder when 108378 is divided by 265?
258
Calculate the remainder when 15335 is divided by 28.
19
What is the remainder when 8191 is divided by 126?
1
What is the remainder when 136314 is divided by 12?
6
Calculate the remainder when 1416728 is divided by 37.
35
What is the remainder when 6354 is divided by 1409?
718
What is the remainder when 1135 is divided by 262?
87
What is the remainder when 24763 is divided by 54?
31
What is the remainder when 44299 is divided by 706?
527
What is the remainder when 48163 is divided by 16053?
4
What is the remainder when 74430 is divided by 39?
18
Calculate the remainder when 6423 is divided by 429.
417
Calculate the remainder when 20785 is divided by 10358.
69
What is the remainder when 33163 is divided by 1640?
363
Calculate the remainder when 100227 is divided by 9111.
6
Calculate the remainder when 16907 is divided by 85.
77
Calculate the remainder when 576543 is divided by 86.
85
What is the remainder when 1260 is divided by 5?
0
Calculate the remainder when 6324 is divided by 37.
34
Calculate the remainder when 3658 is divided by 199.
76
What is the remainder when 326143 is divided by 512?
511
What is the remainder when 14505 is divided by 48?
9
What is the remainder when 23736 is divided by 143?
141
Calculate the remainder when 2529 is divided by 1256.
17
What is the remainder when 16141 is divided by 124?
21
What is the remainder when 2192 is divided by 635?
287
What is the remainder when 53810 is divided by 235?
230
Calculate the remainder when 13191 is divided by 82.
71
Calculate the remainder when 181523 is divided by 7.
6
Calculate the remainder when 705 is divided by 243.
219
Calculate the remainder when 71427 is divided by 1279.
1082
What is the remainder when 84692 is divided by 84689?
3
What is the remainder when 26143 is divided by 3?
1
What is the remainder when 15109 is divided by 1272?
1117
What is the remainder when 260285 is divided by 42?
11
What is the remainder when 1470668 is divided by 735331?
6
What is the remainder when 225061 is divided by 14066?
5
Calculate the remainder when 3238559 is divided by 390.
389
What is the remainder when 99722 is divided by 27?
11
What is the remainder when 14580 is divided by 187?
181
What is the remainder when 131271 is divided by 61?
60
Calculate the remainder when 204775 is divided by 4179.
4
What is the remainder when 9477 is divided by 632?
629
What is the remainder when 84326 is divided by 14053?
8
Calculate the remainder when 11199 is divided by 1383.
135
What is the remainder when 5866 is divided by 727?
50
What is the remainder when 17266 is divided by 19?
14
What is the remainder when 4897 is divided by 298?
129
What is the remainder when 2350 is divided by 79?
59
What is the remainder when 2418794 is divided by 407?
400
What is the remainder when 92503 is divided by 27?
1
What is the remainder when 14952 is divided by 7432?
88
What is the remainder when 1347 is divided by 1340?
7
What is the remainder when 41153 is divided by 13715?
8
Calculate the remainder when 5465 is divided by 29.
13
Calculate the remainder when 81301 is divided by 53.
52
What is the remainder when 4324 is divided by 22?
12
What is the remainder when 1673 is divided by 163?
43
Calculate the remainder when 100687 is divided by 10.
7
Calculate the remainder when 3144937 is divided by 379.
374
What is the remainder when 2859 is divided by 52?
51
Calculate th